 2. Let l = -6 + 41. Suppose -3*s + 2*n + 43 = 0, 0 = -4*s - 2*n - 1 + l. Calculate the remainder when 5 is divided by a(s).
1
Suppose 27*r = 81 + 216. What is the remainder when r is divided by 5/(10/12) - -1?
4
Let q be 42*(-3 - ((-100)/(-6))/(-5)). Suppose n = 28 - q. What is the remainder when n is divided by 4?
2
What is the remainder when 44 is divided by (-71)/(-3) - (-2)/6?
20
Suppose -2*k + 50*c + 3935 = 49*c, 5*c - 7863 = -4*k. What is the remainder when k is divided by 41?
40
Let s = -78 + 120. Suppose 0 = -159*i - 1457 + 4955. Calculate the remainder when s is divided by i.
20
Let o = -35 + 5. Let d = o - -36. Calculate the remainder when 20 is divided by d.
2
Let c = -159 - -175. Calculate the remainder when 110 is divided by c.
14
Suppose 3*p - 4*x = 3, -19 = -2*p - 3*x - 0*x. Suppose -3*i - 20 = -p*b, 2*i - 26 = -2*b - 2. Calculate the remainder when b is divided by 5.
2
Let c = -2241 - -2257. What is the remainder when (-2)/6*(-327)/1 is divided by c?
13
Let n(t) = 17*t**2 + 2*t - 3. Calculate the remainder when 123 is divided by n(1).
11
Suppose -6*h - 265 + 517 = 0. What is the remainder when 76 is divided by h?
34
Suppose 6*s + 7*s = -897. Calculate the remainder when (-46)/s - 1244/(-6) is divided by 14.
12
Let d(n) = n**3 - n**2 - 13*n + 36. Calculate the remainder when d(4) is divided by 8.
0
Let d = 18 + -5. Let b = 10 - -13. What is the remainder when b is divided by d?
10
Let c = -22 + 16. Let f = 8 + c. Suppose -m = -1, -3*y + f*m = 3*m - 19. Calculate the remainder when y is divided by 3.
0
Suppose -10*n + 14*n = -x + 6, -2*x - 4*n + 16 = 0. Calculate the remainder when 44 is divided by x.
4
Suppose 11*y - 8*y = -g - 9, -3*g + y + 13 = 0. Calculate the remainder when (0 - -1)*(1 - -10) is divided by g.
2
Let r(v) = -15*v + 33. Calculate the remainder when r(-4) is divided by 19.
17
Let y(z) = 2*z**2 - 7*z + 9. What is the remainder when 36 is divided by y(3)?
0
Let o(q) = q**3 + 12*q**2 + 21*q + 49. Calculate the remainder when 411 is divided by o(-9).
102
Let n be ((-51)/(-17))/(3/5). Suppose -96 = w - n*w. What is the remainder when w is divided by 13?
11
Let b(g) = -g**2 + 20*g - 76. What is the remainder when 85 is divided by b(13)?
10
What is the remainder when 3719 is divided by -5 - -4 - -4 - (-13 - 4)?
19
Suppose -33*d + 198 = -22*d. Calculate the remainder when 27 is divided by d.
9
Let i(p) = 38*p**2 - 17*p + 70. Calculate the remainder when i(3) is divided by 11.
9
Suppose -4*f + 584 = 4*a, a = -f + 2*a + 138. What is the remainder when f is divided by 50?
42
Suppose 15*d = 18*d + 2*h - 31, 20 = -5*h. Let z(l) = l + 1. Let n be z(0). Let b = 49 + n. What is the remainder when b is divided by d?
11
What is the remainder when 144 is divided by ((-26)/(-6))/((-4)/96*-4)?
14
Let t be ((-8)/10)/((-4)/20). Suppose v + 28 = t*h - 2*h, -3*h + 42 = 2*v. Calculate the remainder when 40 is divided by h.
12
Let m = 24 + 0. Let z = -141 - -92. Let i = z + 58. What is the remainder when m is divided by i?
6
Suppose 4*j = t, -3*j - j - 5*t = -24. What is the remainder when 45/j*(-25 - -26) is divided by 23?
22
Suppose -21*k - 24*k + 19935 = 0. What is the remainder when k is divided by 64?
59
Let n(r) = -11*r - 21. Let y be n(-3). Calculate the remainder when 89 is divided by 43 - y/6*-1.
44
Suppose 7*k - 128 - 509 = 0. What is the remainder when k is divided by (-2 - -2) + (-69)/(-3)?
22
Suppose 3*n + 4*z = 122, 51*n + 2*z - 194 = 46*n. Calculate the remainder when n is divided by 28.
10
Let l(m) = m**3 + 8*m**2 + 5*m - 6. Let o be l(-7). Let h(q) = -2*q + 24. Suppose 52 + 14 = 3*d. Calculate the remainder when d is divided by h(o).
6
Suppose -660 + 1830 = 13*a. Calculate the remainder when a is divided by 14.
6
Let n(j) = 6*j - 7. Let v be n(2). Suppose -v*z + 8*z - 21 = 0. Let x = 4 + 9. Calculate the remainder when x is divided by z.
6
Let v(x) = -3*x**2 - 118*x + 91. Calculate the remainder when 14 is divided by v(-40).
3
Let z(u) = -u + 54. Let k be z(11). Suppose 0 = -12*s + 17*s + 25, 2*h = 3*s + k. What is the remainder when 31 is divided by h?
3
Let b(i) = -330*i**3 + i - 2. Let f be b(1). Let g = -224 - f. Calculate the remainder when g is divided by 22.
19
Let s(o) = 12*o**2 + 10*o + 29. What is the remainder when s(-5) is divided by 71?
66
Suppose 0 = m - 2*m. Suppose -9*z + 7*z + 8 = m. Suppose 2*v + 4 = 2*j - 14, 31 = z*j + v. What is the remainder when 15 is divided by j?
7
Let l(s) = 12*s**2 - 9*s - 2. Calculate the remainder when l(5) is divided by 15.
13
Let o = -1 - -3. Suppose 5*b - b - 43 = 5*a, -2*a + 26 = o*b. Calculate the remainder when 46 is divided by b.
10
Let d(s) be the first derivative of -7*s**4/2 + 7. Let u = 46 + -21. Calculate the remainder when u is divided by d(-1).
11
Let y(b) = 9*b + 1. Let q be (3 - 2)*(1 - 4). What is the remainder when y(4) is divided by (8 + 2 - q) + -3?
7
Let t(k) = 7*k**2 - 15*k + 35. Calculate the remainder when 60 is divided by t(2).
27
Suppose 0 = a - 4*k - 29, -4*a + 15*k + 88 = 13*k. Calculate the remainder when 68 is divided by a.
5
Suppose 4*n = -55 + 71. Let k(m) = m**3 - 5*m**2 + 9*m - 13. Suppose 3*z = y - 23, -78 = -4*y + 2*z + 3*z. Calculate the remainder when y is divided by k(n).
3
Let z be (2 - 2)/(1 + 0). Suppose 3*i - 4*y = -2*y + 63, z = -i + 2*y + 17. What is the remainder when i is divided by ((-60)/9*-1)/(70/84)?
7
Let f(r) = r**2 + 15*r + 63. What is the remainder when 125 is divided by f(-10)?
8
Suppose -a + 31 = 1. Suppose 25*y - 20*y = a. What is the remainder when 17 is divided by y?
5
Let q be ((-98)/5)/(2/(-10)). Suppose -3*w + q + 100 = 0. Suppose 3*a - w - 48 = 0. What is the remainder when a is divided by 20?
18
Let g(b) = -b**3 - 3. Let t be g(-3). Calculate the remainder when (179/(-3))/((-8)/t) is divided by 26.
23
Suppose 4*s = -r + 41 - 9, 4*s = 5*r + 32. Calculate the remainder when s is divided by ((-11)/(-22))/(3/18).
2
Let b(u) = 2*u**2 + 3*u - 1. What is the remainder when b(-9) is divided by 45?
44
Let m be 11/(-44) - 354/(-8). Let p = m - 17. Calculate the remainder when p is divided by 7.
6
Let k = 8 + -4. Suppose -6*x = -9*x - 27. Let o = x + 23. What is the remainder when o is divided by k?
2
Suppose 0 = -q + 3*m + 101, 27 = q + 4*m - 53. Calculate the remainder when q is divided by 16.
12
What is the remainder when (-1483)/((-8 + 7/1)*1) is divided by 9?
7
Suppose -15*d = -16*d + 7. Calculate the remainder when 22 is divided by d.
1
Suppose 1688*b - 119 = 1687*b. Calculate the remainder when 195 is divided by b.
76
Let v(z) = z**2 + 23*z + 63. Let s = 3 + -1. What is the remainder when v(-20) is divided by s?
1
Let f(x) = 3*x**2 + 8*x - 45. What is the remainder when f(-10) is divided by 173?
2
Suppose -3*k + 3*r = -3, -4*k - 3*r + 32 = -0*k. Suppose -2*d - n + 30 = 0, -k*d - n - 4 + 76 = 0. What is the remainder when d is divided by 9?
5
Suppose 0 = 2*k - 2*z - 384, 3*z = -7*k - 245 + 1629. What is the remainder when k is divided by 74?
48
Calculate the remainder when 11/44 + 705/12 - 1 is divided by 9.
4
Suppose 20 = d + 3*d. Suppose 54*w + 28*w + 102*w = 13248. Calculate the remainder when w is divided by d.
2
Let b(c) = -2*c. Let n(g) = -1. Let o(m) = -b(m) + 4*n(m). Let r be o(5). Let j = 12 - r. Calculate the remainder when j is divided by 3.
0
Suppose 0 = -g + 3*g - 20. Suppose 4*r = -z + 45, -4*r - 2*z = -0*z - 42. Calculate the remainder when g/8*(-280)/(-10) is divided by r.
11
Let q(m) = -10*m - 11. Calculate the remainder when q(-5) is divided by 14.
11
Suppose -r + 1096 = -5*b + 234, r = 3*b + 860. Calculate the remainder when r is divided by 10.
7
Suppose 0 = -2*k - 5*k. Suppose 5*q + k*c - 5*c = 50, -5*q + 2*c + 65 = 0. Calculate the remainder when ((-43)/(-2))/((-2)/(-4)) is divided by q.
13
Let h = -9 - -26. Let x be -4 + 7 - (-2 - 14). Let d = x + -10. What is the remainder when h is divided by d?
8
Suppose 57*z = -3480 + 8154. Suppose 0*i - 2*i - 8 = -4*b, -5*i + 3*b = 13. What is the remainder when z is divided by (-44)/(-3) + i/3?
12
Let l be (-2)/((-1)/((-82)/(-4))). Let h = 34 + l. What is the remainder when h is divided by 19?
18
Suppose 0*r - 4*r = -z + 13, 5*z = 4*r + 33. What is the remainder when (9/6)/(6/80) is divided by r/1 - (-27)/3?
6
Let y(b) = -3*b**3 - 4*b**2 - 8*b + 7. Wh